*u - u = -6. What is the hundreds digit of f?
2
Suppose 3*j = -5*x - 133 + 27614, 0 = -j + x + 9171. What is the tens digit of j?
6
Let c = -1 + 18. Let j(f) = c - 4*f - 4*f + 12*f. What is the units digit of j(8)?
9
Let p(o) = o**3 - 7*o**2 + 2*o - 12. Let x be p(7). Suppose k - 150 = 5*j, 6 = x*j - 4. What is the units digit of k?
5
What is the ten thousands digit of ((24/(-1))/(28/18))/(78/(-94731))?
1
What is the units digit of (-4 - -25*16/(-40))*(-991)/2?
7
Let f(j) = 13*j**2 + 8*j - 4 - 3*j + 7 + 7. What is the tens digit of f(4)?
3
Suppose -16*f - 14*f = -30. What is the hundreds digit of f + -4*(-586)/4?
5
What is the units digit of (16/(-20))/(4*(4 + (-1872927)/468230))?
8
Let o be (-17)/136 + (-16969)/(-8). Let p = o + -1512. What is the units digit of p?
9
Suppose 4*w = -4, 5*h + 0*w = -3*w + 147. Suppose -h + 20 = -2*g, -913 = -3*t - 2*g. What is the hundreds digit of t?
3
Let t(l) = 25 + 12 + l**3 + 21 + 18 - 92 + 70*l - 26*l**2. What is the units digit of t(25)?
9
What is the hundreds digit of (-119826 + -18)/(-9) + -10?
3
Let b be ((-9958)/(-39))/(4/(-30)). Let v = b - -3255. What is the hundreds digit of v?
3
Let y(m) = -m**3 + 6*m**2 + 60*m - 122. What is the ten thousands digit of y(-22)?
1
Let j(y) = -7585*y - 1973. What is the units digit of j(-7)?
2
Suppose 11*a + 22 = 10*a. What is the tens digit of 7686/66 + (-12)/a?
1
Let w(t) = 43*t**2 - 169*t + 3496. What is the tens digit of w(25)?
4
Let n be 16/6*18/8. Suppose n*v = 2*v + 3780. Suppose -6*r + r = -v. What is the units digit of r?
9
Let q = -7633 + 23080. What is the ten thousands digit of q?
1
Let c(j) = j**3 - j**2 - 15*j - 4. Let m be c(-11). Let a = m + 1907. What is the units digit of a?
6
What is the hundreds digit of 111*(-7)/((-756)/584) - 14/63?
6
Suppose 26*k = 25*k. Let y(l) = 4*l + 288. Let i be y(k). Suppose -2*s = -o - 194, s = -2*s + 3*o + i. What is the units digit of s?
8
Let o(g) = 3*g - 39. Let p be o(11). Let a(l) = -11*l - 6. Let t be a(-4). What is the units digit of (-508)/p - t/57?
4
Suppose -5*q + 6 = -5*p + 3*p, -30 = -2*p - 4*q. Suppose 513 + 432 = p*u. Suppose 18*y - 21*y = -u. What is the units digit of y?
5
Suppose -3*h = -5*o - 0*h + 338, o = -h + 66. Suppose 5*s + o = 4*a - 166, 2*s + 304 = 5*a. Suppose 4*w - 166 = a. What is the units digit of w?
7
Let x(z) = -z**2 + 10*z + 20. Let r be x(11). Suppose 11*t + r = 12*t - 3*l, 4*l = -2*t + 48. What is the units digit of t?
8
Suppose -5*n = 20, 4*n = 5*z - 107 - 169. Let y = -52 + z. What is the tens digit of 21 - 5 - y - 3?
1
Let h = 519 + 5125. Suppose -h = 31*f - 22911. What is the hundreds digit of f?
5
Let k be 506/(-77) - (-6)/(-14). Let i = k - -4. What is the units digit of i*(-4)/(-12)*-51?
1
Let c(j) = -16*j**2 + 12*j**2 - 24*j + 6*j**2. Let d be c(12). Suppose -6*t + 142 = y - 2*t, -4*y - 2*t + 512 = d. What is the tens digit of y?
2
Let g = 6102 - -7454. What is the tens digit of g?
5
Let y = -365 - -412. Let p = y - -995. What is the thousands digit of p?
1
Suppose -5*q = -3*n + 27, -4 + 0 = -4*n - 4*q. Suppose 2*p - 3*t = 6*p - 76, 5*t + 76 = n*p. What is the units digit of p?
9
What is the hundreds digit of (1/((-21)/140))/(4/(-4506))?
5
Let s = 453 + -276. Suppose 3*t - 5*o = -139, 2*t + 2*t + 197 = -5*o. Let k = s + t. What is the hundreds digit of k?
1
Let d(n) = -2 + 3*n**3 - 8*n**2 + 10 - 4*n**3 - 25 - 13 - 7*n. What is the tens digit of d(-12)?
3
Suppose 2*i + x - 2*x = -13, -2*i = x + 3. Let f(l) = -l**3 - 11*l**2 - 4*l + 8. Let j be f(i). What is the units digit of (j/(-77))/((-6)/(-28))*6?
2
Let f(z) = z**3 + 8*z**2 - 22*z - 14. Let a be f(-10). What is the units digit of (((-17586)/(-54))/((-2)/a))/(-1)?
7
Suppose 3*u + 2*u + r + 212 = 0, 40 = -u + r. Let k = u + 46. Let y(v) = 10*v**2 - 6*v. What is the units digit of y(k)?
6
Let s(q) = -q**3 + 12*q**2 - 10*q - 9. Suppose 0 = 22*h - 17*h - 55. Let c be s(h). What is the units digit of (c/(-3))/((-13)/156)?
8
Let l = 17692 + -1832. What is the tens digit of l?
6
Let v(q) = -2*q**3 - q**2 - 4*q - 3. Let s be v(-1). Suppose 53 + 13 = s*d. What is the tens digit of d?
3
Suppose -3*d - 2*y = -43, -27*d - 80 = -32*d - 5*y. Suppose -16*l + 2260 = -d*l. What is the tens digit of l?
5
Let k(u) = 293*u**2 + 47*u + 374. What is the tens digit of k(-8)?
5
Let g be (-1)/(-30)*12 + 266/10. Suppose -g*d = -29*d + 356. What is the units digit of d?
8
Let d = 1262 + -477. Suppose -d = -5*l - x, x = -2*l + 2*x + 307. What is the hundreds digit of l?
1
Let c = 12 + -244. Let r(h) = 5*h - 373. Let t be r(53). Let k = t - c. What is the units digit of k?
4
Suppose -4*m - 461 - 271 = 4*h, 4*h = -5*m - 911. Suppose -2*i = -70 + 280. Let o = i - m. What is the tens digit of o?
7
Suppose 140*q - 571670 = 731870. What is the tens digit of q?
1
Suppose 3*x + 2*x - 3285 = -5*w, -4*w - 2652 = -4*x. Suppose -5*v = -3*v - 10. Suppose -i = v*i - x. What is the units digit of i?
0
Let n be 104/13*(-1)/(-2). Suppose 5*f + 2 = n*f, 0 = -2*t - 5*f + 2122. What is the hundreds digit of t?
0
Let y(h) = -9*h**3 + 13*h**2 + 20*h + 4. What is the units digit of y(-10)?
4
Let s(z) = 71*z**2 + 2*z - 51. Let p(c) = -43*c**2 - 2*c + 24. Let m(u) = -5*p(u) - 3*s(u). Let r = -15 - -7. What is the tens digit of m(r)?
2
Suppose 14*r - 3*r - 313701 = -6*r. What is the thousands digit of r?
8
Let x(v) = 1991*v**2 + 419*v - 1678. What is the tens digit of x(4)?
5
Let a = -66 - -65. Let i be 1252/((-16)/(-4)) + (a - -3). Suppose 16*h = 21*h - i. What is the tens digit of h?
6
Let l = -75 + 91. What is the tens digit of (0 - (-110)/(-3))/(l/(-168))?
8
Let r(z) = -3694*z + 169. What is the thousands digit of r(-9)?
3
Let i(h) = -9*h**2 - 21*h + 62. Let d(z) = 5*z**2 + 10*z - 31. Let m(w) = -11*d(w) - 6*i(w). Let v be -52*((-11)/(-4) - 3). What is the units digit of m(v)?
8
Let x(r) = -r**3 + 18*r**2 - 3*r + 38. Let o be x(18). What is the tens digit of -62*o/20*10?
9
Let s(y) = -5*y + 88. Let f be s(17). Suppose -281 = -k - f*i, -i + 10 = 4*i. What is the tens digit of k?
7
Suppose -115*t + 5*i - 8 = -116*t, 2*i = t - 8. What is the units digit of (-2)/(-3)*t/((-40)/(-9435))?
8
Let o(g) = 177*g**3 + 3*g**2 - 6*g + 4. Let a(q) = -q**3 - 7*q**2 - 9*q - 1. Let s be a(-1). What is the hundreds digit of o(s)?
4
Let d(s) = -48*s**3 - 5*s**2 - 47*s - 39. What is the hundreds digit of d(-5)?
0
Let g(v) = 55*v**3 + 3*v**2 + 2*v. Let x be g(-1). What is the units digit of ((-130)/6)/(2/x*3)?
5
Let x(d) = -52*d - 107. Suppose -4 = 4*u + f + 36, -8 = 2*f. What is the tens digit of x(u)?
6
Suppose 0 = -7*w + 2*w - 15. Let x be ((-4)/(-6))/((-1)/w). Suppose 189 = 3*i + x*p, 4*p = 4*i + 3*p - 241. What is the tens digit of i?
6
Let k be (-1)/((-6)/24) + -3. What is the units digit of 415 + k - (-6 + 2)?
0
Suppose 2*d - 5*d = -0*d. Suppose d = -22*t + 23*t - 5. Suppose 243 = 9*u - 6*u + 4*n, 3*u - 270 = t*n. What is the units digit of u?
5
Let c = 3 + 4. Suppose -c*n - 8*n = -60. Let d(z) = 4*z**3 - z**2 - 3*z - 3. What is the units digit of d(n)?
5
Let o(x) = -2876*x + 55. What is the units digit of o(-20)?
5
Let m(o) = -o. Let r be m(-5). Let p be ((-2)/(-2) + 2)*60/90. Suppose 0 = -w + 3*i + 74, p*w + 2*i = r*w - 229. What is the units digit of w?
7
Let f(o) = 4*o - 63 + 2*o**2 - 4*o + 3*o + 2*o. What is the units digit of f(-20)?
7
Suppose 0 = 155*s - 146*s - 18. Let a(t) = -53*t + 8. Let v(z) = 106*z - 15. Let g(x) = 11*a(x) + 6*v(x). What is the hundreds digit of g(s)?
1
Suppose -4*v = 0, 752 + 789 = o + 5*v. What is the units digit of o?
1
Suppose 5*p - 14774 = 2726. What is the tens digit of p?
0
Suppose -15*a = -18*a - 7539. Let x be a/(-28) - ((-1)/4)/1. Suppose -2*o + 5*i = -33, -o + 5*i = 4*o - x. What is the units digit of o?
9
Let t = -14 + 40. Let q = t - 15. Suppose 9*l - q*l + 46 = 0. What is the tens digit of l?
2
Let o = -34961 + 68969. What is the tens digit of o?
0
Suppose -y + 13 = -2*j, 0*y - y - 4*j = 11. Suppose y*f + 5 = -o, f + 10 = o - 3*o. What is the units digit of (0 + -34)*(f + 6/(-4))?
1
Let g = 2638 - -3729. What is the units digit of g?
7
Suppose 10257 = -65*a + 66*a - 4*y, 4*y + 40968 = 4*a. What is the tens digit of a?
3
Suppose -19*b + 74*b - 137534 = 243506. What is the thousands digit of b?
6
Suppose -42258 = -24*t - 2802. Suppose p + 3*